{"id":213,"date":"2019-01-16T10:26:02","date_gmt":"2019-01-16T09:26:02","guid":{"rendered":"http:\/\/www.travelka.pl\/?page_id=213"},"modified":"2020-03-20T11:52:00","modified_gmt":"2020-03-20T10:52:00","slug":"aktywne-wakacje","status":"publish","type":"page","link":"https:\/\/www.travelka.pl\/index.php\/aktywne-wakacje\/","title":{"rendered":"Aktywne wakacje"},"content":{"rendered":"<p>Wakacje to idealny moment na to, by mie\u0107 wi\u0119cej czasu na ulubione aktywno\u015bci i w\u015br\u00f3d pi\u0119knych widok\u00f3w, w rajskich miejscach, da\u0107 si\u0119 ponie\u015b\u0107 przygodzie. W\u015br\u00f3d propozycji dla kobiet pragn\u0105cych sp\u0119dzi\u0107 wczasy inaczej ni\u017c zwykle mo\u017cna znale\u017a\u0107 wycieczki rowerowe, wyjazdy z zumb\u0105, SPA czy wyprawy trekkingowe lub trampingowe. \u015awietnym pomys\u0142em na pewno b\u0119d\u0105 te\u017c wyjazdy nurkowe czy sp\u0142ywy kajakiem.<\/p>\n<h2>Pomys\u0142y na aktywne wczasy &#8211; wybierz co\u015b dla siebie<\/h2>\n<p>Niew\u0105tpliwie najbardziej odpowiadaj\u0105cym krajem dla kobiet, kt\u00f3re kochaj\u0105 jazd\u0119 na rowerze jest <strong>Norwegia<\/strong>. Ogrom interesuj\u0105cych tras mo\u017ce wywo\u0142a\u0107 pozytywny zawr\u00f3t g\u0142owy. Najbardziej znanym zak\u0105tkiem za\u015b do tego typu aktywno\u015bci jest <strong>przyl<\/strong><strong>\u0105<\/strong><strong>dek Nordkapp<\/strong>, kt\u00f3ry zarazem jest najdalej wysuni\u0119tym na p\u00f3\u0142noc punktem w Europie.<\/p>\n<p>\u015awietnym pomys\u0142em jest tak\u017ce przejazd rowerowy <strong>drog<\/strong><strong>\u0105<\/strong> <strong>\u015b<\/strong><strong>w. Jakuba<\/strong>, kt\u00f3ra prowadzi do <strong>katedry Santiago de Compostela<\/strong>. Warto to zrobi\u0107 przede wszystkim dla niesamowitych widok\u00f3w. Zreszt\u0105 nie tylko natura, ale i architektura <strong>Hiszpanii<\/strong> p\u00f3\u0142nocno-zachodniej potrafi zachwyci\u0107.<\/p>\n<p>Aktywne kobiece wakacje mog\u0105 oznacza\u0107 tak\u017ce rzecz jasna <strong>trekking<\/strong>. \u015awietnym pomys\u0142em jest ten po <strong>po<\/strong><strong>\u0142<\/strong><strong>udniowych Alpach, a w szczeg<\/strong><strong>\u00f3<\/strong><strong>lno<\/strong><strong>\u015b<\/strong><strong>ci Alpy Julijskie<\/strong>. Na odkrycie czekaj\u0105 tak\u017ce w\u0142oskie Dolomity. Podr\u00f3\u017cniczki za\u015b, kt\u00f3re kochaj\u0105 <strong>wspinaczk<\/strong><strong>\u0119<\/strong>, na pewno odnajd\u0105 si\u0119 w <strong>hiszpa<\/strong><strong>\u0144<\/strong><strong>skim El Chorro<\/strong>. Kolejnym kierunkiem wymarzonym dla nich na wakacje jest <strong>ma<\/strong><strong>\u0142<\/strong><strong>a wyspa na Morzu Egejskim &#8211; Kalymnos<\/strong>.<\/p>\n<p>Je\u015bli za\u015b ma si\u0119 ochot\u0119 na wakacje bardziej ekstremalne, to zawsze mo\u017cna wybra\u0107 si\u0119 <strong>do Szwajcarii, na rzek<\/strong><strong>\u0119<\/strong> <strong>L<\/strong><strong>\u00fc<\/strong><strong>tchine i spr<\/strong><strong>\u00f3<\/strong><strong>bowa<\/strong><strong>\u0107<\/strong> <strong>raftingu<\/strong>. To sp\u0142yw pontonem po g\u00f3rskiej rzece, jednak\u017ce ca\u0142kiem bezpieczny, gdy wybiera si\u0119 miejsce o ni\u017cszym stopniu trudno\u015bci oraz jest si\u0119 w towarzystwie odpowiednio przygotowanego instruktora.<\/p>\n<p>Wspania\u0142ym pomys\u0142em na wczasy na pewno oka\u017ce si\u0119 tak\u017ce <strong>safari nurkowe<\/strong>. Mi\u0142o\u015bniczki tego rodzaju aktywno\u015bci mog\u0105 wybra\u0107 na to chocia\u017cby <strong>Tajlandi<\/strong><strong>\u0119<\/strong><strong>, a dok<\/strong><strong>\u0142<\/strong><strong>adniej Phuket<\/strong>. Tam czeka nurkowanie na Similanach czy Richelieu Rock. Zr\u00f3\u017cnicowane rejony nurkowe, wspania\u0142e gatunki ryb oraz niezwyk\u0142e, podwodne skarby czekaj\u0105 tutaj tylko na odkrycie. Idealne miejsce dla kobiet, kt\u00f3re kochaj\u0105 nurkowanie.<\/p>\n<p>Aktywne wakacje to wspania\u0142y pomys\u0142 dla tych kobiet, kt\u00f3re uwielbiaj\u0105 ruch, przygod\u0119, zmiany i czuj\u0105, \u017ce w\u0142a\u015bnie w taki spos\u00f3b chc\u0105 odpoczywa\u0107. To tak\u017ce \u015bwietna propozycja dla os\u00f3b, kt\u00f3re kojarz\u0105 wakacje z leniuchowaniem, bo zawsze warto spr\u00f3bowa\u0107 czego\u015b nowego. Dodatkowym atutem takiego wyjazdu jest zazwyczaj mo\u017cliwo\u015b\u0107 poznania nowych os\u00f3b, kultury i tradycji danego kraju i zadanie o swoj\u0105 form\u0119.<\/p>\n","protected":false},"excerpt":{"rendered":"<p>Wakacje to idealny moment na to, by mie\u0107 wi\u0119cej czasu na ulubione aktywno\u015bci i w\u015br\u00f3d pi\u0119knych widok\u00f3w, w rajskich miejscach, da\u0107 si\u0119 ponie\u015b\u0107 przygodzie. W\u015br\u00f3d propozycji dla kobiet pragn\u0105cych sp\u0119dzi\u0107 wczasy inaczej ni\u017c zwykle mo\u017cna znale\u017a\u0107 wycieczki rowerowe, wyjazdy z zumb\u0105, SPA czy wyprawy trekkingowe lub trampingowe. \u015awietnym pomys\u0142em na pewno b\u0119d\u0105 te\u017c wyjazdy nurkowe [&hellip;]<\/p>\n","protected":false},"author":11,"featured_media":216,"parent":0,"menu_order":0,"comment_status":"closed","ping_status":"closed","template":"","meta":{"footnotes":""},"class_list":["post-213","page","type-page","status-publish","has-post-thumbnail","hentry"],"yoast_head":"<!-- This site is optimized with the Yoast SEO plugin v27.3 - https:\/\/yoast.com\/product\/yoast-seo-wordpress\/ -->\n<title>Aktywne wakacje - Travelka - babskie podr\u00f3\u017ce<\/title>\n<meta name=\"description\" content=\"Wakacje to idealny moment na to, by mie\u0107 wi\u0119cej czasu na ulubione aktywno\u015bci i w\u015br\u00f3d pi\u0119knych widok\u00f3w, w rajskich miejscach, da\u0107 si\u0119 ponie\u015b\u0107 przygodzie.\" \/>\n<meta name=\"robots\" content=\"index, follow, max-snippet:-1, max-image-preview:large, max-video-preview:-1\" \/>\n<link rel=\"canonical\" href=\"https:\/\/www.travelka.pl\/index.php\/aktywne-wakacje\/\" \/>\n<meta property=\"og:locale\" content=\"pl_PL\" \/>\n<meta property=\"og:type\" content=\"article\" \/>\n<meta property=\"og:title\" content=\"Aktywne wakacje - Travelka - babskie podr\u00f3\u017ce\" \/>\n<meta property=\"og:description\" content=\"Wakacje to idealny moment na to, by mie\u0107 wi\u0119cej czasu na ulubione aktywno\u015bci i w\u015br\u00f3d pi\u0119knych widok\u00f3w, w rajskich miejscach, da\u0107 si\u0119 ponie\u015b\u0107 przygodzie.\" \/>\n<meta property=\"og:url\" content=\"https:\/\/www.travelka.pl\/index.php\/aktywne-wakacje\/\" \/>\n<meta property=\"og:site_name\" content=\"Travelka\" \/>\n<meta property=\"article:modified_time\" content=\"2020-03-20T10:52:00+00:00\" \/>\n<meta property=\"og:image\" content=\"https:\/\/www.travelka.pl\/wp-content\/uploads\/2019\/01\/aktywne-wakacje.jpg\" \/>\n\t<meta property=\"og:image:width\" content=\"776\" \/>\n\t<meta property=\"og:image:height\" content=\"529\" \/>\n\t<meta property=\"og:image:type\" content=\"image\/jpeg\" \/>\n<meta name=\"twitter:label1\" content=\"Szacowany czas czytania\" \/>\n\t<meta name=\"twitter:data1\" content=\"2 minuty\" \/>\n<script type=\"application\/ld+json\" class=\"yoast-schema-graph\">{\"@context\":\"https:\\\/\\\/schema.org\",\"@graph\":[{\"@type\":\"WebPage\",\"@id\":\"https:\\\/\\\/www.travelka.pl\\\/index.php\\\/aktywne-wakacje\\\/\",\"url\":\"https:\\\/\\\/www.travelka.pl\\\/index.php\\\/aktywne-wakacje\\\/\",\"name\":\"Aktywne wakacje - Travelka - babskie podr\u00f3\u017ce\",\"isPartOf\":{\"@id\":\"https:\\\/\\\/www.travelka.pl\\\/#website\"},\"primaryImageOfPage\":{\"@id\":\"https:\\\/\\\/www.travelka.pl\\\/index.php\\\/aktywne-wakacje\\\/#primaryimage\"},\"image\":{\"@id\":\"https:\\\/\\\/www.travelka.pl\\\/index.php\\\/aktywne-wakacje\\\/#primaryimage\"},\"thumbnailUrl\":\"https:\\\/\\\/www.travelka.pl\\\/wp-content\\\/uploads\\\/2019\\\/01\\\/aktywne-wakacje.jpg\",\"datePublished\":\"2019-01-16T09:26:02+00:00\",\"dateModified\":\"2020-03-20T10:52:00+00:00\",\"description\":\"Wakacje to idealny moment na to, by mie\u0107 wi\u0119cej czasu na ulubione aktywno\u015bci i w\u015br\u00f3d pi\u0119knych widok\u00f3w, w rajskich miejscach, da\u0107 si\u0119 ponie\u015b\u0107 przygodzie.\",\"breadcrumb\":{\"@id\":\"https:\\\/\\\/www.travelka.pl\\\/index.php\\\/aktywne-wakacje\\\/#breadcrumb\"},\"inLanguage\":\"pl-PL\",\"potentialAction\":[{\"@type\":\"ReadAction\",\"target\":[\"https:\\\/\\\/www.travelka.pl\\\/index.php\\\/aktywne-wakacje\\\/\"]}]},{\"@type\":\"ImageObject\",\"inLanguage\":\"pl-PL\",\"@id\":\"https:\\\/\\\/www.travelka.pl\\\/index.php\\\/aktywne-wakacje\\\/#primaryimage\",\"url\":\"https:\\\/\\\/www.travelka.pl\\\/wp-content\\\/uploads\\\/2019\\\/01\\\/aktywne-wakacje.jpg\",\"contentUrl\":\"https:\\\/\\\/www.travelka.pl\\\/wp-content\\\/uploads\\\/2019\\\/01\\\/aktywne-wakacje.jpg\",\"width\":776,\"height\":529,\"caption\":\"Turystka na aktywnych wakacjach\"},{\"@type\":\"BreadcrumbList\",\"@id\":\"https:\\\/\\\/www.travelka.pl\\\/index.php\\\/aktywne-wakacje\\\/#breadcrumb\",\"itemListElement\":[{\"@type\":\"ListItem\",\"position\":1,\"name\":\"Strona g\u0142\u00f3wna\",\"item\":\"https:\\\/\\\/www.travelka.pl\\\/\"},{\"@type\":\"ListItem\",\"position\":2,\"name\":\"Aktywne wakacje\"}]},{\"@type\":\"WebSite\",\"@id\":\"https:\\\/\\\/www.travelka.pl\\\/#website\",\"url\":\"https:\\\/\\\/www.travelka.pl\\\/\",\"name\":\"Travelka\",\"description\":\"babskie podr\u00f3\u017ce\",\"potentialAction\":[{\"@type\":\"SearchAction\",\"target\":{\"@type\":\"EntryPoint\",\"urlTemplate\":\"https:\\\/\\\/www.travelka.pl\\\/?s={search_term_string}\"},\"query-input\":{\"@type\":\"PropertyValueSpecification\",\"valueRequired\":true,\"valueName\":\"search_term_string\"}}],\"inLanguage\":\"pl-PL\"}]}<\/script>\n<!-- \/ Yoast SEO plugin. -->","yoast_head_json":{"title":"Aktywne wakacje - Travelka - babskie podr\u00f3\u017ce","description":"Wakacje to idealny moment na to, by mie\u0107 wi\u0119cej czasu na ulubione aktywno\u015bci i w\u015br\u00f3d pi\u0119knych widok\u00f3w, w rajskich miejscach, da\u0107 si\u0119 ponie\u015b\u0107 przygodzie.","robots":{"index":"index","follow":"follow","max-snippet":"max-snippet:-1","max-image-preview":"max-image-preview:large","max-video-preview":"max-video-preview:-1"},"canonical":"https:\/\/www.travelka.pl\/index.php\/aktywne-wakacje\/","og_locale":"pl_PL","og_type":"article","og_title":"Aktywne wakacje - Travelka - babskie podr\u00f3\u017ce","og_description":"Wakacje to idealny moment na to, by mie\u0107 wi\u0119cej czasu na ulubione aktywno\u015bci i w\u015br\u00f3d pi\u0119knych widok\u00f3w, w rajskich miejscach, da\u0107 si\u0119 ponie\u015b\u0107 przygodzie.","og_url":"https:\/\/www.travelka.pl\/index.php\/aktywne-wakacje\/","og_site_name":"Travelka","article_modified_time":"2020-03-20T10:52:00+00:00","og_image":[{"width":776,"height":529,"url":"https:\/\/www.travelka.pl\/wp-content\/uploads\/2019\/01\/aktywne-wakacje.jpg","type":"image\/jpeg"}],"twitter_misc":{"Szacowany czas czytania":"2 minuty"},"schema":{"@context":"https:\/\/schema.org","@graph":[{"@type":"WebPage","@id":"https:\/\/www.travelka.pl\/index.php\/aktywne-wakacje\/","url":"https:\/\/www.travelka.pl\/index.php\/aktywne-wakacje\/","name":"Aktywne wakacje - Travelka - babskie podr\u00f3\u017ce","isPartOf":{"@id":"https:\/\/www.travelka.pl\/#website"},"primaryImageOfPage":{"@id":"https:\/\/www.travelka.pl\/index.php\/aktywne-wakacje\/#primaryimage"},"image":{"@id":"https:\/\/www.travelka.pl\/index.php\/aktywne-wakacje\/#primaryimage"},"thumbnailUrl":"https:\/\/www.travelka.pl\/wp-content\/uploads\/2019\/01\/aktywne-wakacje.jpg","datePublished":"2019-01-16T09:26:02+00:00","dateModified":"2020-03-20T10:52:00+00:00","description":"Wakacje to idealny moment na to, by mie\u0107 wi\u0119cej czasu na ulubione aktywno\u015bci i w\u015br\u00f3d pi\u0119knych widok\u00f3w, w rajskich miejscach, da\u0107 si\u0119 ponie\u015b\u0107 przygodzie.","breadcrumb":{"@id":"https:\/\/www.travelka.pl\/index.php\/aktywne-wakacje\/#breadcrumb"},"inLanguage":"pl-PL","potentialAction":[{"@type":"ReadAction","target":["https:\/\/www.travelka.pl\/index.php\/aktywne-wakacje\/"]}]},{"@type":"ImageObject","inLanguage":"pl-PL","@id":"https:\/\/www.travelka.pl\/index.php\/aktywne-wakacje\/#primaryimage","url":"https:\/\/www.travelka.pl\/wp-content\/uploads\/2019\/01\/aktywne-wakacje.jpg","contentUrl":"https:\/\/www.travelka.pl\/wp-content\/uploads\/2019\/01\/aktywne-wakacje.jpg","width":776,"height":529,"caption":"Turystka na aktywnych wakacjach"},{"@type":"BreadcrumbList","@id":"https:\/\/www.travelka.pl\/index.php\/aktywne-wakacje\/#breadcrumb","itemListElement":[{"@type":"ListItem","position":1,"name":"Strona g\u0142\u00f3wna","item":"https:\/\/www.travelka.pl\/"},{"@type":"ListItem","position":2,"name":"Aktywne wakacje"}]},{"@type":"WebSite","@id":"https:\/\/www.travelka.pl\/#website","url":"https:\/\/www.travelka.pl\/","name":"Travelka","description":"babskie podr\u00f3\u017ce","potentialAction":[{"@type":"SearchAction","target":{"@type":"EntryPoint","urlTemplate":"https:\/\/www.travelka.pl\/?s={search_term_string}"},"query-input":{"@type":"PropertyValueSpecification","valueRequired":true,"valueName":"search_term_string"}}],"inLanguage":"pl-PL"}]}},"_links":{"self":[{"href":"https:\/\/www.travelka.pl\/index.php\/wp-json\/wp\/v2\/pages\/213","targetHints":{"allow":["GET"]}}],"collection":[{"href":"https:\/\/www.travelka.pl\/index.php\/wp-json\/wp\/v2\/pages"}],"about":[{"href":"https:\/\/www.travelka.pl\/index.php\/wp-json\/wp\/v2\/types\/page"}],"author":[{"embeddable":true,"href":"https:\/\/www.travelka.pl\/index.php\/wp-json\/wp\/v2\/users\/11"}],"replies":[{"embeddable":true,"href":"https:\/\/www.travelka.pl\/index.php\/wp-json\/wp\/v2\/comments?post=213"}],"version-history":[{"count":2,"href":"https:\/\/www.travelka.pl\/index.php\/wp-json\/wp\/v2\/pages\/213\/revisions"}],"predecessor-version":[{"id":215,"href":"https:\/\/www.travelka.pl\/index.php\/wp-json\/wp\/v2\/pages\/213\/revisions\/215"}],"wp:featuredmedia":[{"embeddable":true,"href":"https:\/\/www.travelka.pl\/index.php\/wp-json\/wp\/v2\/media\/216"}],"wp:attachment":[{"href":"https:\/\/www.travelka.pl\/index.php\/wp-json\/wp\/v2\/media?parent=213"}],"curies":[{"name":"wp","href":"https:\/\/api.w.org\/{rel}","templated":true}]}}